{"id":278,"date":"2024-02-28T11:28:58","date_gmt":"2024-02-28T10:28:58","guid":{"rendered":"https:\/\/guidanceetenergie.fr\/?page_id=278"},"modified":"2024-05-10T08:38:42","modified_gmt":"2024-05-10T06:38:42","slug":"visualisations-guidees","status":"publish","type":"page","link":"https:\/\/guidanceetenergie.fr\/index.php\/visualisations-guidees\/","title":{"rendered":"Visualisations guid\u00e9es"},"content":{"rendered":"\n<p>Je vous partage ici mes audios afin de vous guider dans vos prochaines s\u00e9ances<\/p>\n\n\n\n<div class=\"wp-block-columns is-layout-flex wp-container-core-columns-is-layout-9d6595d7 wp-block-columns-is-layout-flex\">\n<div class=\"wp-block-column is-vertically-aligned-center is-layout-flow wp-block-column-is-layout-flow\">\n<h4 class=\"wp-block-heading has-text-align-center has-medium-font-size\"><font style=\"vertical-align: inherit;\"><font style=\"vertical-align: inherit;\">Perle dans mon <\/font><\/font>c\u0153ur<\/h4>\n\n\n\n<figure class=\"wp-block-audio\"><audio controls src=\"https:\/\/guidanceetenergie.fr\/wp-content\/uploads\/2024\/03\/perle-dans-mon-coeur-Bis.mp3\"><\/audio><\/figure>\n\n\n<div class=\"wp-block-image\">\n<figure class=\"aligncenter size-full is-resized\"><a href=\"https:\/\/guidanceetenergie.fr\/wp-content\/uploads\/2024\/03\/perle-dans-mon-coeur-Bis.mp3\"><img fetchpriority=\"high\" decoding=\"async\" width=\"700\" height=\"500\" src=\"https:\/\/guidanceetenergie.fr\/wp-content\/uploads\/2024\/03\/woman-starry-night.jpg\" alt=\"\" class=\"wp-image-283\" style=\"width:279px;height:auto\" srcset=\"https:\/\/guidanceetenergie.fr\/wp-content\/uploads\/2024\/03\/woman-starry-night.jpg 700w, https:\/\/guidanceetenergie.fr\/wp-content\/uploads\/2024\/03\/woman-starry-night-300x214.jpg 300w, https:\/\/guidanceetenergie.fr\/wp-content\/uploads\/2024\/03\/woman-starry-night-84x60.jpg 84w\" sizes=\"(max-width: 700px) 100vw, 700px\" \/><\/a><\/figure>\n<\/div>\n\n\n<hr class=\"wp-block-separator aligncenter has-alpha-channel-opacity is-style-wide\"\/>\n<\/div>\n\n\n\n<div class=\"wp-block-column is-vertically-aligned-top is-layout-flow wp-block-column-is-layout-flow\">\n<h4 class=\"wp-block-heading has-text-align-center has-medium-font-size\">Ancrage<\/h4>\n\n\n\n<figure class=\"wp-block-audio\"><audio controls src=\"https:\/\/guidanceetenergie.fr\/wp-content\/uploads\/2024\/03\/ancrage-C1.mp3\"><\/audio><\/figure>\n\n\n<div class=\"wp-block-image\">\n<figure class=\"aligncenter size-full is-resized\"><img decoding=\"async\" width=\"700\" height=\"500\" src=\"https:\/\/guidanceetenergie.fr\/wp-content\/uploads\/2024\/04\/Ancrage_rouge-1.jpg\" alt=\"\" class=\"wp-image-327\" style=\"width:279px\" srcset=\"https:\/\/guidanceetenergie.fr\/wp-content\/uploads\/2024\/04\/Ancrage_rouge-1.jpg 700w, https:\/\/guidanceetenergie.fr\/wp-content\/uploads\/2024\/04\/Ancrage_rouge-1-300x214.jpg 300w, https:\/\/guidanceetenergie.fr\/wp-content\/uploads\/2024\/04\/Ancrage_rouge-1-84x60.jpg 84w\" sizes=\"(max-width: 700px) 100vw, 700px\" \/><\/figure>\n<\/div>\n\n\n<hr class=\"wp-block-separator aligncenter has-alpha-channel-opacity\"\/>\n<\/div>\n\n\n\n<div class=\"wp-block-column is-layout-flow wp-block-column-is-layout-flow\">\n<h4 class=\"wp-block-heading has-text-align-center has-medium-font-size\">Enracinement<\/h4>\n\n\n\n<figure class=\"wp-block-audio\"><audio controls src=\"https:\/\/guidanceetenergie.fr\/wp-content\/uploads\/2024\/03\/Visualisation-enracinement.mp3\"><\/audio><\/figure>\n\n\n<div class=\"wp-block-image wp-duotone-unset-1\">\n<figure class=\"aligncenter size-full is-resized\"><img decoding=\"async\" width=\"700\" height=\"500\" src=\"https:\/\/guidanceetenergie.fr\/wp-content\/uploads\/2024\/04\/Enracinement.jpg\" alt=\"\" class=\"wp-image-340\" style=\"width:279px\" srcset=\"https:\/\/guidanceetenergie.fr\/wp-content\/uploads\/2024\/04\/Enracinement.jpg 700w, https:\/\/guidanceetenergie.fr\/wp-content\/uploads\/2024\/04\/Enracinement-300x214.jpg 300w, https:\/\/guidanceetenergie.fr\/wp-content\/uploads\/2024\/04\/Enracinement-84x60.jpg 84w\" sizes=\"(max-width: 700px) 100vw, 700px\" \/><\/figure>\n<\/div>\n\n\n<hr class=\"wp-block-separator aligncenter has-alpha-channel-opacity\"\/>\n<\/div>\n<\/div>\n\n\n\n<div class=\"wp-block-columns is-layout-flex wp-container-core-columns-is-layout-9d6595d7 wp-block-columns-is-layout-flex\">\n<div class=\"wp-block-column is-layout-flow wp-block-column-is-layout-flow\">\n<h3 class=\"wp-block-heading has-text-align-center has-medium-font-size\"><font style=\"vertical-align: inherit;\"><font style=\"vertical-align: inherit;\"><strong _msttexthash=\"295815\" _msthash=\"603\"><font style=\"vertical-align: inherit;\" _istranslated=\"1\"><font style=\"vertical-align: inherit;\" _istranslated=\"1\" _msttexthash=\"505947\" _msthash=\"884\">Affirmations positives<\/font><\/font><\/strong><\/font><\/font><\/h3>\n\n\n\n<figure class=\"wp-block-audio\"><audio controls src=\"https:\/\/guidanceetenergie.fr\/wp-content\/uploads\/2024\/05\/affirmations-positives-web.mp3\"><\/audio><\/figure>\n\n\n<div class=\"wp-block-image\">\n<figure class=\"aligncenter size-full\"><img loading=\"lazy\" decoding=\"async\" width=\"150\" height=\"193\" src=\"https:\/\/guidanceetenergie.fr\/wp-content\/uploads\/2024\/04\/i_am_loved-1.png\" alt=\"\" class=\"wp-image-352\" srcset=\"https:\/\/guidanceetenergie.fr\/wp-content\/uploads\/2024\/04\/i_am_loved-1.png 150w, https:\/\/guidanceetenergie.fr\/wp-content\/uploads\/2024\/04\/i_am_loved-1-47x60.png 47w\" sizes=\"(max-width: 150px) 100vw, 150px\" \/><\/figure>\n<\/div>\n\n\n<hr class=\"wp-block-separator aligncenter has-alpha-channel-opacity\"\/>\n<\/div>\n\n\n\n<div class=\"wp-block-column is-layout-flow wp-block-column-is-layout-flow\">\n<h3 class=\"wp-block-heading has-text-align-center has-medium-font-size\">Centrage<\/h3>\n\n\n\n<figure class=\"wp-block-audio\"><audio controls src=\"https:\/\/guidanceetenergie.fr\/wp-content\/uploads\/2024\/05\/centrage-web.mp3\"><\/audio><\/figure>\n\n\n<div class=\"wp-block-image\">\n<figure class=\"aligncenter size-full is-resized\"><img loading=\"lazy\" decoding=\"async\" width=\"157\" height=\"189\" src=\"https:\/\/guidanceetenergie.fr\/wp-content\/uploads\/2024\/04\/meditation.png\" alt=\"\" class=\"wp-image-347\" style=\"width:169px;height:auto\" srcset=\"https:\/\/guidanceetenergie.fr\/wp-content\/uploads\/2024\/04\/meditation.png 157w, https:\/\/guidanceetenergie.fr\/wp-content\/uploads\/2024\/04\/meditation-50x60.png 50w\" sizes=\"(max-width: 157px) 100vw, 157px\" \/><\/figure>\n<\/div>\n\n\n<hr class=\"wp-block-separator aligncenter has-alpha-channel-opacity\"\/>\n<\/div>\n\n\n\n<div class=\"wp-block-column is-layout-flow wp-block-column-is-layout-flow\">\n<h2 class=\"wp-block-heading has-text-align-center\"><\/h2>\n\n\n\n<hr class=\"wp-block-separator has-alpha-channel-opacity\"\/>\n<\/div>\n<\/div>\n","protected":false},"excerpt":{"rendered":"<p>Je vous partage ici mes audios afin de vous guider dans vos prochaines s\u00e9ances Perle dans mon c\u0153ur Ancrage Enracinement Affirmations positives Centrage<\/p>\n","protected":false},"author":1,"featured_media":0,"parent":0,"menu_order":0,"comment_status":"closed","ping_status":"closed","template":"","meta":{"_monsterinsights_skip_tracking":false,"_monsterinsights_sitenote_active":false,"_monsterinsights_sitenote_note":"","_monsterinsights_sitenote_category":0,"footnotes":""},"class_list":["post-278","page","type-page","status-publish","hentry"],"yoast_head":"<!-- This site is optimized with the Yoast SEO plugin v25.2 - https:\/\/yoast.com\/wordpress\/plugins\/seo\/ -->\n<title>Visualisations guid\u00e9es - Guidance &amp; Energie<\/title>\n<meta name=\"robots\" content=\"index, follow, max-snippet:-1, max-image-preview:large, max-video-preview:-1\" \/>\n<link rel=\"canonical\" href=\"https:\/\/guidanceetenergie.fr\/index.php\/visualisations-guidees\/\" \/>\n<meta property=\"og:locale\" content=\"fr_FR\" \/>\n<meta property=\"og:type\" content=\"article\" \/>\n<meta property=\"og:title\" content=\"Visualisations guid\u00e9es - Guidance &amp; Energie\" \/>\n<meta property=\"og:description\" content=\"Je vous partage ici mes audios afin de vous guider dans vos prochaines s\u00e9ances Perle dans mon c\u0153ur Ancrage Enracinement Affirmations positives Centrage\" \/>\n<meta property=\"og:url\" content=\"https:\/\/guidanceetenergie.fr\/index.php\/visualisations-guidees\/\" \/>\n<meta property=\"og:site_name\" content=\"Guidance &amp; Energie\" \/>\n<meta property=\"article:publisher\" content=\"https:\/\/www.facebook.com\/guidanceetenergie\" \/>\n<meta property=\"article:modified_time\" content=\"2024-05-10T06:38:42+00:00\" \/>\n<meta property=\"og:image\" content=\"https:\/\/guidanceetenergie.fr\/wp-content\/uploads\/2024\/03\/woman-starry-night.jpg\" \/>\n<meta name=\"twitter:card\" content=\"summary_large_image\" \/>\n<script type=\"application\/ld+json\" class=\"yoast-schema-graph\">{\"@context\":\"https:\/\/schema.org\",\"@graph\":[{\"@type\":\"WebPage\",\"@id\":\"https:\/\/guidanceetenergie.fr\/index.php\/visualisations-guidees\/\",\"url\":\"https:\/\/guidanceetenergie.fr\/index.php\/visualisations-guidees\/\",\"name\":\"Visualisations guid\u00e9es - Guidance &amp; Energie\",\"isPartOf\":{\"@id\":\"https:\/\/guidanceetenergie.fr\/#website\"},\"primaryImageOfPage\":{\"@id\":\"https:\/\/guidanceetenergie.fr\/index.php\/visualisations-guidees\/#primaryimage\"},\"image\":{\"@id\":\"https:\/\/guidanceetenergie.fr\/index.php\/visualisations-guidees\/#primaryimage\"},\"thumbnailUrl\":\"https:\/\/guidanceetenergie.fr\/wp-content\/uploads\/2024\/03\/woman-starry-night.jpg\",\"datePublished\":\"2024-02-28T10:28:58+00:00\",\"dateModified\":\"2024-05-10T06:38:42+00:00\",\"breadcrumb\":{\"@id\":\"https:\/\/guidanceetenergie.fr\/index.php\/visualisations-guidees\/#breadcrumb\"},\"inLanguage\":\"fr-FR\",\"potentialAction\":[{\"@type\":\"ReadAction\",\"target\":[\"https:\/\/guidanceetenergie.fr\/index.php\/visualisations-guidees\/\"]}]},{\"@type\":\"ImageObject\",\"inLanguage\":\"fr-FR\",\"@id\":\"https:\/\/guidanceetenergie.fr\/index.php\/visualisations-guidees\/#primaryimage\",\"url\":\"https:\/\/guidanceetenergie.fr\/wp-content\/uploads\/2024\/03\/woman-starry-night.jpg\",\"contentUrl\":\"https:\/\/guidanceetenergie.fr\/wp-content\/uploads\/2024\/03\/woman-starry-night.jpg\",\"width\":700,\"height\":500,\"caption\":\"Formation Reiki\"},{\"@type\":\"BreadcrumbList\",\"@id\":\"https:\/\/guidanceetenergie.fr\/index.php\/visualisations-guidees\/#breadcrumb\",\"itemListElement\":[{\"@type\":\"ListItem\",\"position\":1,\"name\":\"Accueil\",\"item\":\"https:\/\/guidanceetenergie.fr\/\"},{\"@type\":\"ListItem\",\"position\":2,\"name\":\"Visualisations guid\u00e9es\"}]},{\"@type\":\"WebSite\",\"@id\":\"https:\/\/guidanceetenergie.fr\/#website\",\"url\":\"https:\/\/guidanceetenergie.fr\/\",\"name\":\"Guidance & Energie\",\"description\":\"Soins \u00e9nerg\u00e9tiques et d\u00e9veloppement personnel\",\"publisher\":{\"@id\":\"https:\/\/guidanceetenergie.fr\/#organization\"},\"alternateName\":\"Hypnose Reiki\",\"potentialAction\":[{\"@type\":\"SearchAction\",\"target\":{\"@type\":\"EntryPoint\",\"urlTemplate\":\"https:\/\/guidanceetenergie.fr\/?s={search_term_string}\"},\"query-input\":{\"@type\":\"PropertyValueSpecification\",\"valueRequired\":true,\"valueName\":\"search_term_string\"}}],\"inLanguage\":\"fr-FR\"},{\"@type\":\"Organization\",\"@id\":\"https:\/\/guidanceetenergie.fr\/#organization\",\"name\":\"Guidance & Energie\",\"url\":\"https:\/\/guidanceetenergie.fr\/\",\"logo\":{\"@type\":\"ImageObject\",\"inLanguage\":\"fr-FR\",\"@id\":\"https:\/\/guidanceetenergie.fr\/#\/schema\/logo\/image\/\",\"url\":\"https:\/\/guidanceetenergie.fr\/wp-content\/uploads\/2024\/01\/313396780_107241208860748_9180136884198259881_n.jpg\",\"contentUrl\":\"https:\/\/guidanceetenergie.fr\/wp-content\/uploads\/2024\/01\/313396780_107241208860748_9180136884198259881_n.jpg\",\"width\":614,\"height\":614,\"caption\":\"Guidance & Energie\"},\"image\":{\"@id\":\"https:\/\/guidanceetenergie.fr\/#\/schema\/logo\/image\/\"},\"sameAs\":[\"https:\/\/www.facebook.com\/guidanceetenergie\"]}]}<\/script>\n<!-- \/ Yoast SEO plugin. -->","yoast_head_json":{"title":"Visualisations guid\u00e9es - Guidance &amp; Energie","robots":{"index":"index","follow":"follow","max-snippet":"max-snippet:-1","max-image-preview":"max-image-preview:large","max-video-preview":"max-video-preview:-1"},"canonical":"https:\/\/guidanceetenergie.fr\/index.php\/visualisations-guidees\/","og_locale":"fr_FR","og_type":"article","og_title":"Visualisations guid\u00e9es - Guidance &amp; Energie","og_description":"Je vous partage ici mes audios afin de vous guider dans vos prochaines s\u00e9ances Perle dans mon c\u0153ur Ancrage Enracinement Affirmations positives Centrage","og_url":"https:\/\/guidanceetenergie.fr\/index.php\/visualisations-guidees\/","og_site_name":"Guidance &amp; Energie","article_publisher":"https:\/\/www.facebook.com\/guidanceetenergie","article_modified_time":"2024-05-10T06:38:42+00:00","og_image":[{"url":"https:\/\/guidanceetenergie.fr\/wp-content\/uploads\/2024\/03\/woman-starry-night.jpg","type":"","width":"","height":""}],"twitter_card":"summary_large_image","schema":{"@context":"https:\/\/schema.org","@graph":[{"@type":"WebPage","@id":"https:\/\/guidanceetenergie.fr\/index.php\/visualisations-guidees\/","url":"https:\/\/guidanceetenergie.fr\/index.php\/visualisations-guidees\/","name":"Visualisations guid\u00e9es - Guidance &amp; Energie","isPartOf":{"@id":"https:\/\/guidanceetenergie.fr\/#website"},"primaryImageOfPage":{"@id":"https:\/\/guidanceetenergie.fr\/index.php\/visualisations-guidees\/#primaryimage"},"image":{"@id":"https:\/\/guidanceetenergie.fr\/index.php\/visualisations-guidees\/#primaryimage"},"thumbnailUrl":"https:\/\/guidanceetenergie.fr\/wp-content\/uploads\/2024\/03\/woman-starry-night.jpg","datePublished":"2024-02-28T10:28:58+00:00","dateModified":"2024-05-10T06:38:42+00:00","breadcrumb":{"@id":"https:\/\/guidanceetenergie.fr\/index.php\/visualisations-guidees\/#breadcrumb"},"inLanguage":"fr-FR","potentialAction":[{"@type":"ReadAction","target":["https:\/\/guidanceetenergie.fr\/index.php\/visualisations-guidees\/"]}]},{"@type":"ImageObject","inLanguage":"fr-FR","@id":"https:\/\/guidanceetenergie.fr\/index.php\/visualisations-guidees\/#primaryimage","url":"https:\/\/guidanceetenergie.fr\/wp-content\/uploads\/2024\/03\/woman-starry-night.jpg","contentUrl":"https:\/\/guidanceetenergie.fr\/wp-content\/uploads\/2024\/03\/woman-starry-night.jpg","width":700,"height":500,"caption":"Formation Reiki"},{"@type":"BreadcrumbList","@id":"https:\/\/guidanceetenergie.fr\/index.php\/visualisations-guidees\/#breadcrumb","itemListElement":[{"@type":"ListItem","position":1,"name":"Accueil","item":"https:\/\/guidanceetenergie.fr\/"},{"@type":"ListItem","position":2,"name":"Visualisations guid\u00e9es"}]},{"@type":"WebSite","@id":"https:\/\/guidanceetenergie.fr\/#website","url":"https:\/\/guidanceetenergie.fr\/","name":"Guidance & Energie","description":"Soins \u00e9nerg\u00e9tiques et d\u00e9veloppement personnel","publisher":{"@id":"https:\/\/guidanceetenergie.fr\/#organization"},"alternateName":"Hypnose Reiki","potentialAction":[{"@type":"SearchAction","target":{"@type":"EntryPoint","urlTemplate":"https:\/\/guidanceetenergie.fr\/?s={search_term_string}"},"query-input":{"@type":"PropertyValueSpecification","valueRequired":true,"valueName":"search_term_string"}}],"inLanguage":"fr-FR"},{"@type":"Organization","@id":"https:\/\/guidanceetenergie.fr\/#organization","name":"Guidance & Energie","url":"https:\/\/guidanceetenergie.fr\/","logo":{"@type":"ImageObject","inLanguage":"fr-FR","@id":"https:\/\/guidanceetenergie.fr\/#\/schema\/logo\/image\/","url":"https:\/\/guidanceetenergie.fr\/wp-content\/uploads\/2024\/01\/313396780_107241208860748_9180136884198259881_n.jpg","contentUrl":"https:\/\/guidanceetenergie.fr\/wp-content\/uploads\/2024\/01\/313396780_107241208860748_9180136884198259881_n.jpg","width":614,"height":614,"caption":"Guidance & Energie"},"image":{"@id":"https:\/\/guidanceetenergie.fr\/#\/schema\/logo\/image\/"},"sameAs":["https:\/\/www.facebook.com\/guidanceetenergie"]}]}},"_links":{"self":[{"href":"https:\/\/guidanceetenergie.fr\/index.php\/wp-json\/wp\/v2\/pages\/278","targetHints":{"allow":["GET"]}}],"collection":[{"href":"https:\/\/guidanceetenergie.fr\/index.php\/wp-json\/wp\/v2\/pages"}],"about":[{"href":"https:\/\/guidanceetenergie.fr\/index.php\/wp-json\/wp\/v2\/types\/page"}],"author":[{"embeddable":true,"href":"https:\/\/guidanceetenergie.fr\/index.php\/wp-json\/wp\/v2\/users\/1"}],"replies":[{"embeddable":true,"href":"https:\/\/guidanceetenergie.fr\/index.php\/wp-json\/wp\/v2\/comments?post=278"}],"version-history":[{"count":35,"href":"https:\/\/guidanceetenergie.fr\/index.php\/wp-json\/wp\/v2\/pages\/278\/revisions"}],"predecessor-version":[{"id":387,"href":"https:\/\/guidanceetenergie.fr\/index.php\/wp-json\/wp\/v2\/pages\/278\/revisions\/387"}],"wp:attachment":[{"href":"https:\/\/guidanceetenergie.fr\/index.php\/wp-json\/wp\/v2\/media?parent=278"}],"curies":[{"name":"wp","href":"https:\/\/api.w.org\/{rel}","templated":true}]}}